4
Calculate the highest common divisor of 892 and 54189.
223
What is the greatest common factor of 82397 and 15347?
149
What is the greatest common factor of 36435 and 210?
105
What is the highest common divisor of 854016 and 3840?
768
What is the highest common divisor of 62 and 69130?
62
What is the highest common factor of 272 and 3712?
16
What is the highest common divisor of 729836 and 92?
92
What is the highest common divisor of 550639 and 19?
19
What is the highest common factor of 13101 and 151654?
397
Calculate the highest common divisor of 23296 and 364.
364
Calculate the highest common factor of 2865 and 322599.
573
Calculate the highest common factor of 54 and 817506.
54
Calculate the highest common divisor of 910 and 257790.
130
What is the greatest common divisor of 103159 and 14?
7
Calculate the highest common divisor of 347157 and 459.
153
Calculate the greatest common factor of 6302 and 18.
2
What is the greatest common factor of 5 and 2013155?
5
Calculate the highest common divisor of 38798 and 182759.
1021
What is the highest common factor of 19145 and 700?
35
Calculate the highest common divisor of 934703 and 22.
11
Calculate the greatest common divisor of 18677 and 3667.
19
What is the greatest common divisor of 2695 and 1320?
55
What is the greatest common divisor of 497 and 1841?
7
Calculate the greatest common factor of 82099 and 1341.
149
What is the highest common factor of 90 and 28422?
18
Calculate the greatest common factor of 18 and 207765.
9
Calculate the highest common divisor of 3162 and 8058.
102
What is the highest common divisor of 6728 and 8?
8
What is the highest common divisor of 764 and 308083?
191
What is the greatest common factor of 684 and 34029?
171
Calculate the greatest common divisor of 1764 and 88788.
588
Calculate the greatest common divisor of 143 and 9757.
11
What is the greatest common factor of 51040 and 120?
40
Calculate the greatest common divisor of 22425 and 207.
69
Calculate the greatest common divisor of 1836 and 753678.
918
What is the highest common factor of 27811 and 1421?
203
Calculate the greatest common factor of 85277 and 106.
53
What is the highest common divisor of 51 and 16405?
17
What is the highest common divisor of 36 and 5106078?
18
Calculate the highest common divisor of 96 and 872208.
48
What is the highest common factor of 802 and 79799?
401
Calculate the greatest common divisor of 100 and 26225.
25
Calculate the highest common divisor of 28514 and 52724.
538
What is the greatest common factor of 695729 and 239?
239
What is the highest common factor of 10695 and 3243?
69
What is the highest common factor of 99856 and 32?
16
Calculate the greatest common divisor of 27455 and 570.
95
Calculate the highest common factor of 133194 and 93852.
474
What is the highest common factor of 2429 and 17?
1
What is the highest common factor of 383 and 5?
1
What is the greatest common factor of 20631 and 273?
39
What is the highest common factor of 32487 and 40404?
273
What is the greatest common divisor of 323221 and 289?
17
Calculate the greatest common divisor of 3564 and 5556.
12
What is the highest common divisor of 1406087 and 85?
17
Calculate the greatest common divisor of 21063 and 42.
21
What is the greatest common divisor of 31 and 92163?
31
Calculate the greatest common factor of 32 and 125152.
32
What is the greatest common factor of 1925 and 121?
11
Calculate the highest common divisor of 976192 and 1344.
448
What is the highest common factor of 150216 and 440?
88
What is the greatest common divisor of 65741 and 6929?
169
What is the highest common divisor of 5003293 and 3669?
1223
Calculate the greatest common divisor of 1615 and 340.
85
Calculate the highest common divisor of 214466 and 14.
14
What is the highest common divisor of 749 and 10247069?
749
Calculate the greatest common divisor of 32298 and 11.
1
Calculate the highest common factor of 3259970 and 1470.
490
What is the highest common factor of 753953 and 981?
109
Calculate the greatest common divisor of 49173 and 111.
111
Calculate the highest common factor of 368 and 3709624.
184
Calculate the highest common factor of 293920 and 11.
11
What is the highest common divisor of 49640 and 112712?
584
What is the highest common divisor of 146076 and 423?
141
What is the highest common divisor of 804 and 4032?
12
Calculate the greatest common divisor of 96506 and 292.
146
Calculate the greatest common factor of 82 and 544.
2
What is the greatest common factor of 65160 and 2270?
10
What is the highest common factor of 3186 and 30348?
54
Calculate the highest common factor of 2840 and 2880.
40
Calculate the greatest common factor of 351085 and 245.
245
What is the highest common factor of 47726 and 182?
14
What is the greatest common factor of 96 and 6600?
24
What is the highest common factor of 54 and 3582333?
27
Calculate the greatest common factor of 5 and 3825295.
5
Calculate the greatest common divisor of 42 and 106701.
21
What is the greatest common divisor of 4340 and 17794?
434
Calculate the highest common divisor of 13630 and 60818.
94
Calculate the greatest common divisor of 208754 and 3038.
434
What is the greatest common divisor of 848 and 22684?
212
What is the highest common divisor of 42484 and 4446?
494
What is the greatest common factor of 74490 and 5?
5
Calculate the highest common divisor of 1743 and 332.
83
Calculate the highest common divisor of 72 and 145224.
72
What is the greatest common divisor of 516 and 38292?
12
What is the highest common factor of 496070 and 40?
10
Calculate the highest common factor of 177 and 26727.
177
Calculate the greatest common divisor of 8288 and 4438.
14
Calculate the highest common divisor of 226 and 160234.
226
Calculate the highest common factor of 754 and 5365.
29
Calculate the greatest common divisor of 46779 and 24.
3
Calculate the highest common divisor of 863507 and 478.
239
Calculate the greatest common factor of 703199 and 127.
127
Calculate the highest common divisor of 20923 and 3846843.
2989
What is the highest common factor of 2949 and 228056?
983
What is the highest common divisor of 889964 and 813?
271
What is the highest common divisor of 97 and 71683?
97
Calculate the greatest common factor of 2831 and 2384.
149
Calculate the greatest common factor of 6363 and 1400769.
909
What is the highest common factor of 6447 and 483?
21
What is the highest common factor of 2 and 245776?
2
Calculate the highest common factor of 300550 and 680.
10
Calculate the highest common divisor of 28 and 21371.
7
Calculate the highest common divisor of 189 and 18873.
27
What is the highest common factor of 133 and 215479?
19
What is the greatest common divisor of 181810 and 40?
10
What is the greatest common divisor of 16423 and 11?
11
Calculate the highest common factor of 3841 and 598.
23
Calculate the highest common divisor of 32 and 9552.
16
Calculate the highest common divisor of 180 and 421140.
60
Calculate the highest common divisor of 81 and 2775.
3
Calculate the highest common factor of 150236 and 128.
4
Calculate the greatest common divisor of 716 and 28998.
358
What is the greatest common divisor of 278 and 1077806?
278
What is the greatest common divisor of 208 and 113880?
104
What is the highest common factor of 425 and 2356625?
425
Calculate the greatest common divisor of 90524 and 84.
28
Calculate the highest common divisor of 1397 and 3839.
11
What is the highest common factor of 103 and 711112?
103
Calculate the highest common divisor of 378 and 505722.
42
What is the highest common factor of 119 and 4613?
7
What is the greatest common factor of 144 and 820251?
9
Calculate the greatest common divisor of 1044 and 648.
36
Calculate the highest common factor of 87480 and 25272.
1944
Calculate the greatest common divisor of 2001220 and 260.
260
What is the greatest common factor of 614 and 125563?
307
Calculate the greatest common factor of 3109450 and 50.
50
Calculate the highest common divisor of 22002 and 912.
114
What is the greatest common factor of 32 and 126704?
16
What is the greatest common factor of 1305 and 927507?
87
What is the highest common factor of 5625 and 2431250?
625
What is the greatest common factor of 8 and 12968?
8
Calculate t